= 5*y + 4*i - 4106, -18*i = y - 15*i - 819. What is the hundreds digit of y?
8
Let n(l) = -6*l - 3. Let d be n(-2). Let r(b) = -b**3 - b - 1. Let y(x) = 5*x**3 - 9*x**2 + 4*x - 3. Let g(a) = -4*r(a) - y(a). What is the units digit of g(d)?
7
Suppose 0 = 5*z - 0*z - 15. Suppose -b + j + 79 + 20 = 0, z*j = -3*b + 273. What is the units digit of b?
5
Let m = -54 - -58. Suppose s + 0*i + m*i = 56, -214 = -5*s + 2*i. What is the units digit of s?
4
Suppose -2*i = -3*t + 145, 4*t + 23 = i + 223. Let g = 11 + t. What is the units digit of g?
2
Suppose 0 = -f + 4*c + 356, -22*f + 27*f = 2*c + 1834. What is the tens digit of f?
6
Let m be 2 + (-4 + 3)*11. Let a = -4 - m. What is the units digit of a + -3 - (1 - 1)?
2
What is the units digit of (-14)/((624/76)/(-4) - -2)?
6
What is the hundreds digit of (-24)/4*(-7)/((-42)/(-2696))?
6
Suppose 647*m - 630*m = 19533. What is the units digit of m?
9
Let o(v) = v**2 - 8*v - 12. Let j be o(10). Let n(r) be the third derivative of r**4/4 - 7*r**3/6 - r**2. What is the units digit of n(j)?
1
Suppose -b + 4*i + 272 = 0, -3*b + 1056 = i + 279. What is the units digit of b?
0
Let s be 4/(-22) + 65/55. Suppose 4*z + 3*n = s, -4*z + 0*n + 21 = -n. What is the units digit of z - (-188)/(-8)*-2?
1
Let p = 338 + -239. What is the tens digit of p?
9
Suppose -20*k + 6275 + 9325 = 0. What is the units digit of k?
0
What is the hundreds digit of (0 - -1464) + (-37)/((-148)/(-24))?
4
Let o(b) = 3*b**3 - 3*b**2 - 2*b + 7. Let y be 3/(-9)*-6 + 1. What is the units digit of o(y)?
5
Let i be (-4)/(-10) - 21*16/(-60). Let b = 156 - i. What is the hundreds digit of b?
1
Let a = 12 + -11. What is the units digit of (-5 - -5)*a - -199?
9
What is the tens digit of (-20 - -24)/((-2)/(-233))?
6
Suppose 2567 = -b + 6*b - 3*a, 0 = -5*b - 5*a + 2535. Suppose 3*h - 383 - b = 0. What is the hundreds digit of h?
2
Let j = 121 - 0. What is the units digit of (-5)/(-10) + (1 - j/(-2))?
2
Suppose 97 = j + 3*c, 2*j + 185 = 4*j + 3*c. Suppose j = -x + 254. What is the tens digit of x?
6
Let x be (-273)/14 - (-10)/(-4). What is the tens digit of (-28)/154 + (-1456)/x?
6
Suppose 4*h - 7*y + 11*y = 984, 485 = 2*h - 5*y. What is the hundreds digit of h?
2
Let o(t) = -2*t**3 + 33*t**2 + 11*t - 37. What is the hundreds digit of o(16)?
3
Let l = -1844 + 3332. What is the thousands digit of l?
1
Suppose 2*m - 2*u + 0*u = 152, 5*m = -u + 374. What is the tens digit of m?
7
Let t = 851 + -529. Suppose 114 = 4*a - t. Let y = a + -47. What is the units digit of y?
2
Let s(l) = 18*l**3 - 2*l**2 + 25*l - 22. What is the hundreds digit of s(3)?
5
Let r = 15 + -7. Let u be (-21 - 1)*r/(-16). What is the units digit of u/4 - 8/(-32)?
3
Suppose -3*z - 104 = 46. Let a = -3 - z. What is the units digit of a?
7
Suppose 83*i - 1224 = 1598. Let j = -2 - -26. Let c = i - j. What is the units digit of c?
0
What is the units digit of 2800/6 - (-7 - (-221)/39)?
8
Suppose 5*x - 2 + 5 = 2*g, 5*g - x = 19. Suppose -10*s = -7*s - 177. Suppose -g*m - 4*a = 3 - s, 0 = -3*a + 15. What is the units digit of m?
9
Let n(q) = 385*q - 74. What is the hundreds digit of n(8)?
0
Let o(d) = -10*d + 32. Suppose -11*y - 132 = y. What is the units digit of o(y)?
2
Suppose -l = 11*q - 16*q - 2289, 3*q = 5*l - 11489. What is the hundreds digit of l?
2
Let l(d) = 4*d**2 - 25*d - 5. Let y(i) = -2*i**2 + 13*i + 2. Let r(c) = 4*l(c) + 7*y(c). What is the tens digit of r(10)?
0
Let q be 25*1/((-20)/8). What is the units digit of 8/q - (-832)/40?
0
Let t = 9 + -6. Suppose -2*k = 4*b - t*b - 15, 2*b = -5*k + 37. Suppose -k*q + 48 = -162. What is the units digit of q?
0
Suppose 0 = 6*a - 2*a - 132. Suppose 4*v = 3*f + 288, v - 5*f - a - 56 = 0. What is the tens digit of v?
6
Let j = -1359 + 2274. What is the tens digit of j?
1
Suppose 5 = 4*g - 15. Suppose -5*n + 3*i = g, 4*n - i = 4*i - 17. Suppose 0 = -f - 4*c + 9, -2*c + 9 = 3*f + n*f. What is the units digit of f?
1
Suppose -3*u - 50 = -5*s - 0*u, -5*s + 15 = 4*u. Suppose -t = -s*t + 54. What is the units digit of t?
9
Let k be -16*(2 - 3/(-2)). Let y(a) = -a**2 + 2*a + 4. Let v be y(7). Let c = v - k. What is the units digit of c?
5
Let f = 751 + -750. Suppose 5*y - 25 = -2*o - 3*o, 0 = -4*y - o + 32. Let w = f + y. What is the tens digit of w?
1
Let a be (-4)/(3 - 7) + 16. Let u = a - -6. Let b = -2 + u. What is the tens digit of b?
2
Suppose -265*b + 231*b + 209882 = 0. What is the tens digit of b?
7
Let m = -437 - -907. Suppose -6*o = -274 - m. What is the units digit of o?
4
Suppose 7*m = 3*m. Let p(f) = -3 + 2*f + 0*f - 2*f**2 + m*f + 4*f**2. What is the units digit of p(-5)?
7
Let s(j) = 17*j**3 - j**2 + j - 1. Let d = -17 + 18. What is the tens digit of s(d)?
1
Let w(r) = 19*r**3 - 3*r**2 + 2. Suppose -n + 2*n + o - 2 = 0, 6 = 2*o. Let l(g) = g**3 + g**2 - 1. Let u(q) = n*w(q) - 3*l(q). What is the tens digit of u(-1)?
2
Let t(o) = o**2 + 5*o + 1. Suppose 3*n = 4*d - 45, n - 4*d + 5 = -6*d. What is the tens digit of t(n)?
6
Let n = 24 + -21. Let w(m) = m - 1. Let c be w(n). Let y = 6 - c. What is the units digit of y?
4
Suppose -2*l = u - 3*u + 2310, -4*l = 5*u - 5802. What is the thousands digit of u?
1
Let z be (1/2)/(2/148). Suppose 3*b + z = -74. Let o = 56 + b. What is the tens digit of o?
1
Let f(u) = 7*u**2 - 9*u - 3. Let t(s) = 4*s**2 - 4*s - 1. Let h(k) = 6*f(k) - 11*t(k). Let y be h(-8). What is the units digit of 4/6 - y/3?
9
Let p = 90 + -31. Suppose k - 218 - p = -3*l, 5*k + 2*l - 1320 = 0. What is the tens digit of k?
6
Suppose 38*u - 11220 = 27*u. What is the thousands digit of u?
1
Let x(d) = d + 2. Let i be x(-4). Let y = 105 - 118. Let k = i - y. What is the tens digit of k?
1
Suppose 0 = 5*i + x + 1, -3 = 2*i + 4*x + 1. Suppose 0 = -4*o - o + 2*w + 162, 3*o + 2*w - 110 = i. What is the units digit of o?
4
Let k = 8 - 19. Suppose 92 = 7*c - 55. Let j = k + c. What is the tens digit of j?
1
Suppose -7*l + 11*l + 592 = 0. What is the units digit of 6*((3 - 3) + l/(-8))?
1
Let d = -169 + 567. What is the hundreds digit of d?
3
Suppose 4*d - 168 = -b, -2*b - 94 = -2*d - 0*b. Let m = d - 39. Suppose 3*w + 6 = m*w. What is the units digit of w?
6
Let a(i) = 22*i - 4 + 0 + 0 + 22*i. What is the units digit of a(3)?
8
Suppose 17 + 39 = -7*m. Let d be 2/(-8) - (-30)/m. What is the tens digit of 19 + 3*d/(-6)?
2
Suppose 0 = 2*j - 0*j - 4. Suppose -2*t + j = 2*a, 5*t + 2*a = t + 6. Suppose 6 + t = 4*g - r, -3*g - 4*r + 25 = 0. What is the units digit of g?
3
Let q = -48 + 57. Suppose 0 = q*l - 2*l - 525. What is the tens digit of l?
7
Let x be 92/(-2)*5/10. Let f = -15 - x. Let i = f - -28. What is the tens digit of i?
3
What is the tens digit of 1 - 2135/(-4 + -3)?
0
Let s = 667 - 360. What is the units digit of s?
7
Suppose 1865 = 45*u - 40*u. What is the tens digit of u?
7
Let i = -291 - -163. Let b = i - -204. What is the units digit of b?
6
Suppose f + 5*s + 15 = -10, f + 3*s + 19 = 0. Let p(d) be the first derivative of -d**4/4 - 11*d**3/3 - 13*d**2/2 + 4*d - 1. What is the tens digit of p(f)?
3
Suppose -5*m + 429 = -1156. What is the tens digit of m?
1
Suppose -2*h = 2*r - 5*r - 578, 2 = -r. What is the hundreds digit of h?
2
Let j(n) = 5*n**3 - 3*n**2 - 2*n + 3. Let v be j(3). What is the tens digit of (4 + -3)/(1/v)?
0
Let v(a) = a**3 - 8*a**2 - 4*a - 2. Let f(j) = 3*j**3 - 23*j**2 - 11*j - 7. Let p(h) = 2*f(h) - 7*v(h). What is the hundreds digit of p(5)?
1
Suppose -a = 2*q + 36, 2*q + 0*q - 92 = 3*a. Let o = a + 53. What is the tens digit of o?
2
Suppose -2*u - 2*h = 22, -2*h - 8 = 3*u + 20. What is the units digit of (161/4 - 1) + u/(-8)?
0
Let x be (-300)/(1 - 6)*1. Suppose i = 4*a + x, -i + 6 + 30 = 2*a. What is the units digit of i?
4
Let g(c) be the first derivative of c**3/3 - 2*c**2 + 9*c + 31. What is the tens digit of g(8)?
4
Let u be 18/4*(-36)/(-81). Let a(o) = 4*o + 3. What is the units digit of a(u)?
1
Let j = -361 + 818. What is the hundreds digit of j?
4
Let m(s) = -336*s - 169. What is the units digit of m(-14)?
5
Let s be 684/132 - 4/22. Let w be 3/6 - 236/(-8). Suppose 50 = s*v - w. What is the tens digit of v?
1
Let u be 15/75 - 698/(-10). Suppose -g + 2*g - 23 = 4*b, 4*b - u = -2*g. What is the units digit of g?
1
Let r(w) = -3*w**3 - 8*w**2 - 3*w + 15. Let i be r(-5). Suppose 2*t - 4*m - i = 99